). List the prime factors of p(k).
2
List the prime factors of -13*1*(-1 + -4 + -464).
7, 13, 67
Suppose -51*n - 77784 = -312027. List the prime factors of n.
3, 1531
Suppose -36*i = 32*i - 175508. List the prime factors of i.
29, 89
Suppose -772 = -51*r - 262. Let z be (1 + -1 - 1)/1. List the prime factors of 1/z*(r - 82).
2, 3
Let u = 3370 - -1793. What are the prime factors of u?
3, 1721
List the prime factors of (-1982 - 72)*(0 + -8).
2, 13, 79
Let k(j) = 30*j**2 + 61*j - 38. Let c be k(-45). List the prime factors of (-3)/1 + c/49.
2, 5, 59
Let j be (3 - 4)*(341 - 2 - -3). Let r = j - -883. List the prime factors of r.
541
Let j be 4 + (-924)/(-15) - 4/(-10). Let i = j - 64. Suppose -5*k + 954 = 2*y - 0*y, i*y = -2*k + 378. What are the prime factors of k?
2, 3
Let n be (-2)/(-21) - 5075/(-735). Suppose 0 = -5*k - 4*b + 4818, -n*k + 10*k = 4*b + 2910. List the prime factors of k.
2, 3, 7, 23
Let x be 16/(3*1/3). Suppose -4*a + 8*a = 5*v + 109, -5*v + 17 = 2*a. Let g = a + x. What are the prime factors of g?
37
Let o(u) = 424*u + 30. Let p be o(9). Suppose 2944 = 3*l - 2*d, -3*l + d - 901 = -p. What are the prime factors of l?
2, 491
Let d be ((-8)/14)/(10/(-70)). Suppose 4*v = 2*u - 327 - 159, d*v + 479 = -5*u. Let j = 173 + v. What are the prime factors of j?
2, 13
Suppose 0 = 53*x - 58*x. Suppose x*h + 4*h - 240 = 0. Suppose -h*m = -61*m + 63. What are the prime factors of m?
3, 7
Let b = -40392 - -105039. List the prime factors of b.
3, 11, 653
Suppose -66795 = -2*f + b - 4290, -62485 = -2*f + 5*b. What are the prime factors of f?
5, 7, 19, 47
Suppose -u + 154 = 2*v, -5*u = -u - 8. Suppose 26 = 4*j + 3*p + 9, 5*p - 15 = 0. Suppose -v = -j*r + 4*k, k + 159 = r + 3*r. List the prime factors of r.
2, 5
Suppose q = -2*k + 3 + 3, 4*q = -k + 17. Let l be 64 + (-3 - (-16)/q). Suppose 2*a - 22 = -4*y, 5*y - l = 2*a + 3*a. What are the prime factors of y?
2
List the prime factors of -4*(-2562 + ((-108)/3)/(-6) + -10).
2, 1283
Let s(y) = 2*y**3 - 9*y**2 - 4*y - 2. Let u be s(5). List the prime factors of (3 + 1496/12)*u.
383
Let p(u) = 122*u**2 + 230*u + 2838. What are the prime factors of p(-12)?
2, 3, 17, 173
Let l be 21/(-14) - 18/(-4). Suppose -2 = -l*n + c + 4, 2*c - 3 = n. Suppose -2*u + 3*m + m + 110 = 0, -n*m = -3*u + 174. What are the prime factors of u?
61
Let l(d) = -d**2 - 3*d - 4. Let j be l(-2). List the prime factors of (-122)/6*(j + 11)*-1.
3, 61
Let q(d) = -34*d - 54. Let s be q(-3). What are the prime factors of -8 + 8/(s/4362)?
719
Let z(v) = v**2 + 5*v + 6. Let l be z(-2). Suppose l = -11*y + 12*y - 25. Suppose -k + 53 = -y. What are the prime factors of k?
2, 3, 13
Let g be 410/(-200)*-5 - (-2)/(-8). List the prime factors of 43 + g/(1 - -1) + 0.
2, 3
Suppose 5*c - 60 = -k - 4*k, -2*c = k - 16. Let f(p) = -p**3 + 8*p**2 + p - 6. Let h be f(k). Suppose 25 = h*g - 149. List the prime factors of g.
3, 29
Let o(x) = x**2 + 5*x - 14. Let d be o(-10). Suppose -8*b - 12 + d = 0. Suppose -2*v - 625 = -b*k, -2*k + v + 14 = -401. What are the prime factors of k?
5, 41
Let z be (-2)/3*(1/(-2) - 1). Let h be (-30)/45*6*-1. List the prime factors of (-7805)/(-28) + z/h.
3, 31
Suppose -12730 = 28*z - 30*z. Suppose -18*w + 6487 + z = 0. List the prime factors of w.
2, 3, 7, 17
Suppose -29 = -3*t + 2*q, -3*q + 47 = 5*t - 5*q. Suppose 2*n + 2*n = r + t, 5*n = r + 9. Let g = 45 - r. What are the prime factors of g?
2, 3
Let j(r) = 30*r + 6. Suppose 4*k = 15*k - 561. Let b be k + -50 - 4/(0 - 1). List the prime factors of j(b).
2, 3, 13
Let s = -34019 + 50937. List the prime factors of s.
2, 11, 769
Let s be 0*(4 - (-18)/(-4)). Let z be (-1)/(-5)*s - -217. Let d = z + -126. List the prime factors of d.
7, 13
Let r(j) = -j**2 - 3*j**2 + 4*j**2 + 16*j + 12 - j**2. Suppose s + 3*f = -2, 3*s + 4*f = 2*f + 29. What are the prime factors of r(s)?
3, 17
Let n = 0 + 115. Let z(k) = k - 38. Let a be z(25). Let o = n + a. What are the prime factors of o?
2, 3, 17
Let v(p) = 2702*p - 188. What are the prime factors of v(2)?
2, 163
Let f(j) = 2*j**2 - 9*j + 4. Let h(d) be the first derivative of 3*d**2/2 + 30*d + 35. Let r be h(-8). List the prime factors of f(r).
2, 11
Let x(j) = 177*j + 371. What are the prime factors of x(62)?
5, 2269
Suppose -93 = -j - 2*j. Let w(d) = -d**3 - 8*d**2 - 16*d - 12. Let l be w(-6). Let v = l + j. List the prime factors of v.
43
Let m be (1478/4 - -2)*6. Suppose -5*y - 3*x + m = 0, 4*x - 103 = -y + 353. List the prime factors of y.
2, 3, 37
Let j = -3825 - -19251. List the prime factors of j.
2, 3, 857
Let h(p) be the first derivative of -p**4/4 - p**3 + p**2/2 + 31*p - 127. List the prime factors of h(0).
31
Suppose 0 = 14*j + 4*j - 2772. Let d = j + 591. List the prime factors of d.
5, 149
Suppose v + v + 3278 = 0. Suppose -3*l + 12 = -0. List the prime factors of l/(-6) + v/(-33).
7
Let v(k) = k**3 - 6*k**2 + 4*k - 24. Let r be v(6). Suppose 2*o + 3*n = 518, r*n - 2 = n. List the prime factors of o.
2, 131
Let x be -1 + -330 + 5/(-1). Let q = 618 + x. List the prime factors of q.
2, 3, 47
Let k(t) = t**3 + 9*t**2 - 488*t + 46. What are the prime factors of k(19)?
2, 3, 7
Suppose -24 = 4*o + 4*j, 0 = 5*o - j + 5*j + 29. Let k(v) = 2*v**2 + 8*v - 4. Let i be k(o). Suppose 0 = -11*x + i*x + 385. What are the prime factors of x?
7, 11
Let u(l) = 4*l + 55. Let o be u(-11). Suppose -o*i + 1506 = -8*i. What are the prime factors of i?
2, 251
Suppose -22*u - 51318 = -28*u. What are the prime factors of u?
3, 2851
Suppose 23*n - 329238 = -68*n. What are the prime factors of n?
2, 3, 67
Let i = -15774 + 26516. List the prime factors of i.
2, 41, 131
Let s be 2 - ((-1842)/4)/((-3)/(-18)). Suppose 4*l - 2*q = -0*q + 2766, 4*l - q = s. What are the prime factors of l?
691
Let k(a) = -165*a - 2*a**2 + 81*a + 28 + a**2 + 99*a. Let s = 19 - 3. List the prime factors of k(s).
2, 3
Suppose 0 = -4*q + 2*s + 32500, -3*q + 85*s + 24408 = 89*s. What are the prime factors of q?
2, 127
List the prime factors of 23440/6*((-156)/24 + 13 - 5).
2, 5, 293
Let o(l) = l**2 - 2*l - 4. Let a be o(5). Suppose 0 = a*g - 13 + 112. List the prime factors of g/((-27)/372) - -2.
2, 3, 7
Let h(p) = p**3 + 7*p**2 - 24. Let y be (-56)/8 - 0/2. Let d be h(y). Let b = 19 - d. What are the prime factors of b?
43
Let p(l) = 143*l - 39. Let w(q) = -2. Let d(c) = -p(c) - w(c). What are the prime factors of d(-5)?
2, 3, 7
Let o(g) be the first derivative of -g**4/4 - 37*g**3/3 + 119*g**2/2 - 7*g - 43. List the prime factors of o(-40).
3, 11
Suppose 0 = -4*m + 5*f + 8, -f = f. Suppose m*s - 823 = -3*x + 2*x, 3*s + 4*x - 1242 = 0. Suppose -4*g - s = -9*g. What are the prime factors of g?
2, 41
Suppose 152293 = 34*u - 144663. What are the prime factors of u?
2, 11, 397
What are the prime factors of (-6)/(-270)*15*42408?
2, 3, 19, 31
Let j = 154 - 99. Let d = 61 - j. List the prime factors of 2/4*(d + 232).
7, 17
Let c(u) = -12*u + 225. Let a(z) = -7*z + 245. Let b be a(38). List the prime factors of c(b).
3, 53
Suppose 5*t - 5*a - 55 = 0, 4*a - 1 = 5*a. Let k be 0/((t/(-25))/((-6)/15)). Suppose k = 2*y - 69 - 13. What are the prime factors of y?
41
Suppose 2*f = -6 - 0, -5*f = 4*z + 343. Suppose -q + 10 = -74. Let s = q - z. List the prime factors of s.
2, 83
Let j = 1015 - 523. Suppose -j = 7*y - 3411. List the prime factors of y.
3, 139
Suppose 36*r = 31*r + 75. Let k be ((-9)/15 + 1)*r. List the prime factors of -4 + (-362)/(4*(-3)/k).
3, 59
Let r = 27152 - -3471. What are the prime factors of r?
113, 271
Suppose 395*z - 399*z + 53723 = 3*x, -x + 3*z + 17912 = 0. What are the prime factors of x?
17909
Let j = -192 - -858. List the prime factors of (-120)/45*j/(-4).
2, 3, 37
Let p = -53 + 65. Suppose h - p = 5*h. What are the prime factors of 3 + h + -2 + 105?
103
Let h be (10 + (-12)/(-3))/1. Let x(f) = -4*f - 35 + 18 - f**2 + f**3 + h. List the prime factors of x(6).
3, 17
Let j = 18478 - 5003. List the prime factors of j.
5, 7, 11
Let k(j) = j**3 + 3*j**2 - 6*j - 8. Let h be k(-4). Suppose h = 9*n - 1520 - 784. List the prime factors of n.
2
Let l be (-6 + 2 - 0)*(-963)/6. Suppose 3*g - l = -3*g. Let t = g + -24. What are the prime factors of t?
83
Suppose -y - 39 = 2*y. Let m(z) = -z**2 - 1. Let o(n) = 5*n**2 - 10*n - 4. Let u(t) = -6*m(t) - o(t). List the pr